et x(h) = 141*h**3 - 149*h**3 - 4*h + 4*h - h**2. Calculate x(i).
7
Let n(k) = -k - 1. Let y = 37 + -25. Let r be -5 + y/3 - -1. What is n(r)?
-1
Suppose -2*n + f - 3 = 0, 0*n + 2*n + 18 = 4*f. Suppose 0 = 8*u - 4*u - 16. Let r(l) = l + n - 4*l + u*l. Give r(5).
6
Let j(p) = p**3 - 5*p**2 + 6*p - 9. Let k be j(4). Let t be 8/(-3 + -1) - k. Let y(n) = -10*n - 1. What is y(t)?
9
Suppose 0*o - 3*o = 15. Let n be o*(3 + (-2)/1). Let f(c) = c**3 + 5*c**2 + c - 1. Calculate f(n).
-6
Let o(k) = k**2 - 5*k + 3. Suppose 4*h - 26 = -10. Give o(h).
-1
Suppose -2*u + 2 = -u. Let m(f) = 1 - 4 - 4*f + u*f - 2. Give m(-5).
5
Let t(d) = 5*d**2 - 14*d + 18. Let k(q) = -q**2 + q - 1. Let j(g) = -6*k(g) - t(g). Determine j(-9).
-3
Let q = 4 + -6. Let b(y) = -9*y. Let d(k) = 10*k. Let w(i) = 5*b(i) + 4*d(i). Give w(q).
10
Suppose -5*c - 21 + 1 = -4*z, -2*z - 5*c = 20. Let l(m) = -8*m**2 - 1 + 2*m + z*m + 3*m**3 + 7*m**2. Determine l(1).
3
Let o = -10 + 0. Let f(c) be the second derivative of c**3/6 - c**2/2 + 2*c. Let b(z) = -12*z + 10. Let m(s) = o*f(s) - b(s). Calculate m(3).
6
Let l be 1*(0 + -1) + 1. Suppose -4*z + 4*n + 8 = l, z + 10 + 0 = -2*n. Let d(x) = x - 2. Give d(z).
-4
Let l(t) be the first derivative of t**3/3 + 5*t**2 + 6*t + 6. Calculate l(-9).
-3
Suppose -o + 2*m = 12, -3*o - 2*m + 4 = -0. Let y(u) = u + 2. Let f(j) = j - 1. Let v(g) = -2*f(g) - 2*y(g). Give v(o).
6
Let m = -3 - -6. Suppose -11 = -o - m. Let h = 4 - o. Let d(b) = b**2 + 3*b - 4. Determine d(h).
0
Let d(q) = -q**3 + 6*q**2 - 3*q - 5. Let u(j) = j - 4. Let f be u(9). Calculate d(f).
5
Suppose 3*q + q + 20 = 0. Let w(x) be the third derivative of -x**5/60 - x**4/4 + x**3/6 + x**2. Determine w(q).
6
Let p(m) = 11*m**2 - 1. Let y(j) = -j**2. Let f be 1*3*(-1)/(-3). Let b(u) = f*p(u) + 6*y(u). Calculate b(1).
4
Let c(l) be the third derivative of -l**6/120 + l**3/6 - 30*l**2. Calculate c(-1).
2
Let d(n) = -2. Let j(x) = x - 1. Let o(w) = 2*d(w) - 2*j(w). Let m = -5 - -2. Let t be o(m). Let g(h) = h**2 - 5*h + 5. What is g(t)?
1
Let p(w) be the second derivative of 7*w**3/6 + 13*w. What is p(1)?
7
Let q(r) = -r**3 - 7*r**2 - 5*r + 4. Let a = 15 - 21. Determine q(a).
-2
Let i be (-2)/5 + (-21)/(-15). Let u be i/1 - (0 + 2). Let b(f) be the first derivative of -f**3 - f - 2. What is b(u)?
-4
Let m(c) = c**3 - 4*c**2 - 4*c - 7. Let b be m(5). Let t be (-2)/(-10) - b/(-10). Let p(x) = -x - 3 + x**3 - 1 + 0*x**2 - x**2. What is p(t)?
-4
Let c = -2 + -5. Let n(h) = -h - 6. Calculate n(c).
1
Let f(q) be the second derivative of q**4/12 - q**3/6 - q**2/2 + 2*q. Let b be (-4)/6 - (-28)/6. Suppose -3*d + 8 = 3*a - b*d, -2*d = -2*a + 8. What is f(a)?
1
Let m(q) be the first derivative of q**4/4 + 5*q**3/3 - 2*q**2 + q + 14. Give m(-5).
21
Let a(c) be the second derivative of c**4/12 + 2*c**3/3 + 7*c. Give a(-6).
12
Let u(k) = -k + 2 - 6*k + 2*k + k**2 - 2*k. Suppose -f - d - 10 + 4 = 0, 0 = -2*d + 10. Let a = -5 - f. Give u(a).
-4
Let s = -18 + 15. Let c(b) = -b**3 + b. Let f(z) = -5*z**3 + 2*z**2 + 4*z - 3. Let i(r) = 6*c(r) - f(r). Calculate i(s).
6
Let w(v) be the third derivative of v**6/120 + v**5/20 + v**4/12 + v**3/3 - 4*v**2. Determine w(-2).
2
Let u(w) be the third derivative of w**5/60 - w**4/24 + 11*w**3/3 + 32*w**2 + w. Determine u(0).
22
Let f(h) = 2*h**3. Let b(z) = -z**2 - 15*z - 12. Let u be b(-14). What is f(u)?
16
Let f = -4 - -6. Let z(a) = 2*a - 4*a - a**f - 2 + 3. Determine z(1).
-2
Suppose 3*q - 3 = 2*n, 2*n - n = 3. Let z(c) = -4*c - 3. Let v(i) = 12*i + 8. Let d(s) = q*v(s) + 8*z(s). Calculate d(-3).
-12
Let k(q) = q**3 + 3*q**2 - 2*q - 2. Let p be 1/3*0*-1. Let s be (0 - p)/(-8 + 10). Let g = s - 3. Calculate k(g).
4
Suppose 7*q = 2*q. Suppose -f - 3*f + 4 = q. Let h(i) = i**3 - 2*i**2 + i. What is h(f)?
0
Let o be 6 - (0 + -3 + 4). Let f(z) = -z**2 + 5*z + 3. Determine f(o).
3
Suppose -18 = -0*p - 4*p + 5*y, -10 = 5*y. Let u(x) = -x**p + 10*x - 6 + 7 - 4*x. What is u(4)?
9
Suppose -4*z - 16 = -5*v - z, 5*v - z - 12 = 0. Let j(d) = 2 + 2 + d - d**2 + 0*d - v*d. Calculate j(-3).
-2
Let i(r) = 11*r**3 - r + 1. Let h = 36 + -25. Suppose h = -f - 3*t, 0 = 3*f - 0*t + 4*t + 13. Determine i(f).
11
Let t(g) be the first derivative of g**4/4 + g**3 + g**2 + g - 1. Let k = 0 + 7. Suppose -k = 3*y - 1. Give t(y).
1
Let s(d) = -2*d**2 - 3*d - 5. Let g(u) = -2*u**2 - 4*u - 6. Let p(l) = -5*g(l) + 6*s(l). Give p(3).
-12
Let m be 0 - 0/(-3*1). Suppose m = 2*j + 3*j - 125. Suppose 0*x - 5*x = j. Let w(i) = i**2 + 5*i + 7. Calculate w(x).
7
Let o(a) = -7*a + 5. Let y(s) = s - 2. Let t(b) = -o(b) - 5*y(b). Give t(-6).
-7
Let r(t) = 1 + 3*t**2 + t**2 - 3*t**2 + t. Let w(v) = -2*v**2 + 5. Let p be w(-2). Calculate r(p).
7
Let b(l) = 2*l - 1. Let j(h) = -h + 1. Let v = -4 - -9. Let s(k) = v*j(k) + 2*b(k). Determine s(0).
3
Let h = 27 - 23. Suppose 4*m + y - h = m, 5*m - 6 = -y. Let a(z) = -1 + 0*z**2 - 6*z**3 + z + 0*z**2. Give a(m).
-6
Let r = 7 + -3. Let h(p) = -6*p - 6. Let u(a) = -5*a - 5. Let q(s) = -4*h(s) + 5*u(s). Calculate q(r).
-5
Let a(i) = -i**3 - 3*i**2 + i - 3. Let j be (-6 + 3)*-1 - 7. Give a(j).
9
Let r = -20 + 22. Let g(d) = -1 + d + 5*d**2 + r*d + 7*d**3 - 6*d**3 - 3. Let n(w) = w**2 + 7*w + 2. Let u be n(-6). Give g(u).
0
Let r(s) = s - 6. Suppose 0*x + 6*x = 0. Calculate r(x).
-6
Let y(w) be the first derivative of w**3/3 + 9*w**2/2 - 8*w + 4. What is y(-7)?
-22
Let j(x) = -5 + x - x**2 - 5*x + 0*x**2 - x. Give j(-4).
-1
Let q be (-21)/(-7) + (0 - 1). Let f(d) = -2*d**q - 9 + 5*d + d**2 + 7 + 0. Determine f(4).
2
Let m be 1 + 7/(14/4). Suppose m*z = -b, 0*z + z - 2 = 0. Let y(w) = 7*w + 13. Let n(r) = 8*r + 14. Let k(p) = -5*n(p) + 6*y(p). Calculate k(b).
-4
Let s(o) = 2*o**3 - 7*o**2 - o - 7. Let k(j) = j**2 + 1. Let r(t) = -6*k(t) - s(t). Let a(h) = -h + 3 + 4*h**2 - 1 - 3*h**2 - 7*h. Let g be a(8). Give r(g).
-9
Suppose 4*f = r - 35, 2*f = -3*f + 4*r - 52. Let b(q) = 2*q + 5. Calculate b(f).
-11
Suppose 2 = -i + 6. Let g = i - 3. Let b(y) be the second derivative of -7*y**3/6 - 3*y. Calculate b(g).
-7
Let i(g) = -g - 6. Let c be i(-9). Let q(t) = t**3 - 5*t**2 + 3*t + 2. What is q(c)?
-7
Let g(a) = a**2 + a - 2. Let p(n) = 5*n**3 + n - 1. Let j be p(1). Suppose -j*v = -3*v. Give g(v).
-2
Let j(g) = -g**2 + g. Let t = 23 + -33. Let a be (-15)/t + (-2)/4. Calculate j(a).
0
Let a(p) = p**2 - 9*p + 2. Suppose -4*m = 2*w + 2, -3*m + 2*m - 4 = 0. Determine a(w).
-12
Let y(d) = -8*d - 1. Let g = -16 - -15. Determine y(g).
7
Let u = 7 + -5. Let x(a) = -a**3 + 3*a - 1. Calculate x(u).
-3
Let x(j) be the third derivative of -j**4/24 - j**3/6 + j**2. Let o = -1 + -1. Let i be ((-2)/(-2))/(o/(-6)). What is x(i)?
-4
Let o(z) = 5*z - 6. Let r(q) = q. Let k(v) = -o(v) + 6*r(v). Let g be k(0). Suppose 0*h + 3*h + g = 0. Let l(a) = 4*a + 3. Give l(h).
-5
Let n(v) = v. Let t(g) = 3*g + 1. Let f(s) = n(s) - t(s). Determine f(3).
-7
Let z(g) be the second derivative of g + 0 + 0*g**3 - 2*g**2 + 1/12*g**4. What is z(0)?
-4
Let s(q) be the third derivative of -q**6/120 + q**5/12 + 7*q**4/24 - q**3 - 2*q**2. Give s(6).
0
Let q(z) = -7*z. Let o = 12 - 8. Suppose 7 = -p - 4*s - o, -4*s - 10 = 2*p. Calculate q(p).
-7
Let t(k) = 50*k. Let z(m) = -7*m. Let j(o) = 6*t(o) + 44*z(o). Calculate j(-1).
8
Let m(p) be the third derivative of -p**7/210 + p**6/180 - p**4/24 + p**3/2 + 7*p**2. Let u(g) be the first derivative of m(g). Give u(-1).
5
Let v be (-7)/2 + (-1)/(-2). Let a = -1 - v. Suppose -12 = a*f - 6*f. Let w(p) = 3*p - 4. Determine w(f).
5
Let a(o) = -o - 1. Suppose 2*l = -2*x - 10, 13 + 3 = -4*x - 3*l. Let t = 0 - x. Let w be 0/t + (3 - 5). Give a(w).
1
Let v(n) = 2*n + 4. Let u(i) = 1. Let x(z) = 4*u(z) + v(z). Let s be x(-6). Let w(p) = -p - 2. Give w(s).
2
Let a(z) = -z + 2. Let s = -1 - -5. Suppose b + s*b - 30 = 0. What is a(b)?
-4
Let d(u) = -7*u + 1. Suppose 19 = -g - 18*g. Give d(g).
8
Let k(h) = 3*h - 5. Let u(t) = 7*t - 11. Let i(o) = 5*k(o) - 2*u(o). Give i(-4).
-7
Let q(v) = 41*v**3 - 12*v**3 + 3*v**2 - 15*v**3 - 13*v**3 + 2*v. Calculate q(-3).
-6
Let x(f) = -3*f - 1. Let w(y) be the first derivative of -y**4/3 - y**3/6 + y - 1. Let k(a) be the first derivative of w(a). Let m be k(-1). Give x(m).
8
Let z(x) be the second derivative of 2*x**3/3 + 3*x**2/2 + 18*x. Suppose 1 = 